{"id":3648,"date":"2025-11-17T12:26:52","date_gmt":"2025-11-17T12:26:52","guid":{"rendered":"https:\/\/www.apostolicosanjose.edu.py\/web\/?page_id=3648"},"modified":"2025-11-17T13:00:03","modified_gmt":"2025-11-17T13:00:03","slug":"inscripcion-de-alumnos-casj","status":"publish","type":"page","link":"https:\/\/www.apostolicosanjose.edu.py\/web\/inscripcion-de-alumnos-casj\/","title":{"rendered":"Inscripci\u00f3n de Alumnos"},"content":{"rendered":"<h2 style=\"text-align: center;\">Presentarse en Administraci\u00f3n en la fecha asignada con la ficha y el contrato firmados.<br \/>\nLa matr\u00edcula se abonar\u00e1 solo por Boca de Cobranzas\u00a0o\u00a0APP\u00a0bancaria<\/h2>\n<h2 style=\"text-align: center;\" align=\"center\"><\/h2>\n<h3 style=\"text-align: center;\" align=\"center\"><a href=\"https:\/\/www.apostolicosanjose.edu.py\/web\/wp-content\/uploads\/2025\/10\/FICHA-DE-INSCRIPCION-2026.pdf\" target=\"_blank\" rel=\"noopener\"><span style=\"color: #ff0000;\"><b>DESCARGUE EL FORMULARIO DE INSCRIPCI\u00d3N<\/b><\/span><\/a><\/h3>\n","protected":false},"excerpt":{"rendered":"<p>Presentarse en Administraci\u00f3n en la fecha asignada con la ficha y el contrato firmados. La matr\u00edcula se abonar\u00e1 solo por Boca de Cobranzas\u00a0o\u00a0APP\u00a0bancaria DESCARGUE EL FORMULARIO DE INSCRIPCI\u00d3N<\/p>\n","protected":false},"author":2183,"featured_media":0,"parent":0,"menu_order":0,"comment_status":"closed","ping_status":"closed","template":"","meta":{"footnotes":""},"class_list":["post-3648","page","type-page","status-publish","hentry"],"_links":{"self":[{"href":"https:\/\/www.apostolicosanjose.edu.py\/web\/wp-json\/wp\/v2\/pages\/3648","targetHints":{"allow":["GET"]}}],"collection":[{"href":"https:\/\/www.apostolicosanjose.edu.py\/web\/wp-json\/wp\/v2\/pages"}],"about":[{"href":"https:\/\/www.apostolicosanjose.edu.py\/web\/wp-json\/wp\/v2\/types\/page"}],"author":[{"embeddable":true,"href":"https:\/\/www.apostolicosanjose.edu.py\/web\/wp-json\/wp\/v2\/users\/2183"}],"replies":[{"embeddable":true,"href":"https:\/\/www.apostolicosanjose.edu.py\/web\/wp-json\/wp\/v2\/comments?post=3648"}],"version-history":[{"count":5,"href":"https:\/\/www.apostolicosanjose.edu.py\/web\/wp-json\/wp\/v2\/pages\/3648\/revisions"}],"predecessor-version":[{"id":3657,"href":"https:\/\/www.apostolicosanjose.edu.py\/web\/wp-json\/wp\/v2\/pages\/3648\/revisions\/3657"}],"wp:attachment":[{"href":"https:\/\/www.apostolicosanjose.edu.py\/web\/wp-json\/wp\/v2\/media?parent=3648"}],"curies":[{"name":"wp","href":"https:\/\/api.w.org\/{rel}","templated":true}]}}