{"id":2184,"date":"2020-11-04T14:57:08","date_gmt":"2020-11-04T14:57:08","guid":{"rendered":"https:\/\/www.apostolicosanjose.edu.py\/web\/?page_id=2184"},"modified":"2021-11-02T16:45:13","modified_gmt":"2021-11-02T16:45:13","slug":"inscripcion-de-alumnos-nivel-inicial","status":"publish","type":"page","link":"https:\/\/www.apostolicosanjose.edu.py\/web\/inscripcion-de-alumnos-nivel-inicial\/","title":{"rendered":"Formulario de Inscripci\u00f3n de Alumnos Nivel Inicial"},"content":{"rendered":"<p>[vc_row][vc_column][vc_empty_space][vc_column_text]<\/p>\n<p align=\"center\"><strong><em>Inscripci\u00f3n de Alumnos Nivel Inicial \/ Promoci\u00f3n 2020 a 2021 (sobre requisitos cumplidos seg\u00fan Normas institucionales)<\/em><\/strong><\/p>\n<p align=\"center\"><b>Descargar, completar, imprimir y firmar<\/b><\/p>\n<p align=\"center\">\u00a0\u00a0\u00a0\u00a0\u00a0\u00a0\u00a0\u00a0\u00a0\u00a0\u00a0 Acercarse a ventanilla de Administraci\u00f3n con la ficha de inscripci\u00f3n ya impresa y firmada, luego firmar el contrato de prestaci\u00f3n de servicio educativo y abonar la matr\u00edcula 2021 correspondiente a su ciclo o nivel de su hijo\/a.<\/p>\n<p align=\"center\">\u00a0 \u00a0 \u00a0 \u00a0 \u00a0 \u00a0 \u00a0Es imprescindible la presentaci\u00f3n de la ficha de inscripci\u00f3n firmada para proceder a la matriculaci\u00f3n; <strong>dicha ficha no estar\u00e1 disponible en la Instituci\u00f3n ni podr\u00e1 ser llenada f\u00edsicamente en el colegio<\/strong>.<\/p>\n<h3 align=\"center\"><span style=\"color: #ff0000;\"><b>DESCARGUE EL FORMULARIO DE INSCRIPCI\u00d3N<\/b><\/span><\/h3>\n<p>[\/vc_column_text][\/vc_column][\/vc_row]<\/p>\n","protected":false},"excerpt":{"rendered":"<p>[vc_row][vc_column][vc_empty_space][vc_column_text] Inscripci\u00f3n de Alumnos Nivel Inicial \/ Promoci\u00f3n 2020 a 2021 (sobre requisitos cumplidos seg\u00fan Normas institucionales) Descargar, completar, imprimir y firmar \u00a0\u00a0\u00a0\u00a0\u00a0\u00a0\u00a0\u00a0\u00a0\u00a0\u00a0 Acercarse a ventanilla de Administraci\u00f3n con la ficha de inscripci\u00f3n ya impresa y firmada, luego firmar el contrato de prestaci\u00f3n de servicio educativo y abonar la matr\u00edcula 2021 correspondiente a su ciclo [&hellip;]<\/p>\n","protected":false},"author":1,"featured_media":0,"parent":0,"menu_order":0,"comment_status":"closed","ping_status":"closed","template":"","meta":{"footnotes":""},"class_list":["post-2184","page","type-page","status-publish","hentry"],"_links":{"self":[{"href":"https:\/\/www.apostolicosanjose.edu.py\/web\/wp-json\/wp\/v2\/pages\/2184","targetHints":{"allow":["GET"]}}],"collection":[{"href":"https:\/\/www.apostolicosanjose.edu.py\/web\/wp-json\/wp\/v2\/pages"}],"about":[{"href":"https:\/\/www.apostolicosanjose.edu.py\/web\/wp-json\/wp\/v2\/types\/page"}],"author":[{"embeddable":true,"href":"https:\/\/www.apostolicosanjose.edu.py\/web\/wp-json\/wp\/v2\/users\/1"}],"replies":[{"embeddable":true,"href":"https:\/\/www.apostolicosanjose.edu.py\/web\/wp-json\/wp\/v2\/comments?post=2184"}],"version-history":[{"count":10,"href":"https:\/\/www.apostolicosanjose.edu.py\/web\/wp-json\/wp\/v2\/pages\/2184\/revisions"}],"predecessor-version":[{"id":2667,"href":"https:\/\/www.apostolicosanjose.edu.py\/web\/wp-json\/wp\/v2\/pages\/2184\/revisions\/2667"}],"wp:attachment":[{"href":"https:\/\/www.apostolicosanjose.edu.py\/web\/wp-json\/wp\/v2\/media?parent=2184"}],"curies":[{"name":"wp","href":"https:\/\/api.w.org\/{rel}","templated":true}]}}