{"id":1999,"date":"2020-10-05T04:01:59","date_gmt":"2020-10-05T04:01:59","guid":{"rendered":"https:\/\/www.apostolicosanjose.edu.py\/web\/?page_id=1999"},"modified":"2020-10-05T04:14:53","modified_gmt":"2020-10-05T04:14:53","slug":"historia","status":"publish","type":"page","link":"https:\/\/www.apostolicosanjose.edu.py\/web\/historia\/","title":{"rendered":"Historia"},"content":{"rendered":"<p>[vc_row][vc_column]<div id=\"ultimate-heading-60566a044ea1f1a99\" class=\"jrb-heading uvc-heading ult-adjust-bottom-margin ultimate-heading-60566a044ea1f1a99 uvc-1651 heading-responsive-v2\" data-hspacer=\"no_spacer\"  data-halign=\"left\" style=\"text-align:left\"><div class=\"uvc-heading-spacer no_spacer\" style=\"top\"><\/div><div class=\"uvc-main-heading ult-responsive\"  data-ultimate-target='.uvc-heading.ultimate-heading-60566a044ea1f1a99 h2'  data-responsive-json-new='{\"font-size\":\"desktop:48px;\",\"line-height\":\"desktop:56px;\"}' ><h2 style=\"font-family:'Roboto Slab';font-weight:normal;color:#1a1a23;margin-bottom:15px;\">Antecedentes Hist\u00f3ricos<\/h2><\/div><div class=\"uvc-sub-heading ult-responsive\"  data-ultimate-target='.uvc-heading.ultimate-heading-60566a044ea1f1a99 .uvc-sub-heading '  data-responsive-json-new='{\"font-size\":\"desktop:16px;\",\"line-height\":\"desktop:30px;\"}'  style=\"font-weight:normal;color:#636363;margin-bottom:40px;\"><span class=\"fontstyle0\">La Congregaci\u00f3n Betharramita, a la que pertenece la comunidad educativa del Colegio Apost\u00f3lico San Jos\u00e9, lleg\u00f3 al Paraguay en el a\u00f1o 1904, con el deseo de satisfacer las necesidades educativas y religiosas del pa\u00eds de ese entonces.<\/span><\/p>\n<p><span class=\"fontstyle0\">El Colegio Apost\u00f3lico San Jos\u00e9, fruto maduro de la noble inspiraci\u00f3n del Padre Miguel Rigual, tiene su origen por los a\u00f1os 1951, \u00e9poca en que el Apostolicado (seminario mayor y menor) funcionaba a\u00fan en el Colegio de San Jos\u00e9 de Asunci\u00f3n.<\/span><\/p>\n<p><span class=\"fontstyle0\">El 20 de enero de 1954 siendo director del Colegio de San Jos\u00e9 solicita al Ministerio de Educaci\u00f3n la creaci\u00f3n y funcionamiento del Colegio Apost\u00f3lico San Jos\u00e9 con los mismos planes y programas de ense\u00f1anza del Bachillerato y el correspondiente reconocimiento de dichos estudios para la Ense\u00f1anza Secundaria y Comercial, aprobada por el M.E.C seg\u00fan\u00a0 Resoluci\u00f3n N\u00ba 10 del 17 de febrero de 1954.<\/span><\/p>\n<p><span class=\"fontstyle0\">Antes de ser una instituci\u00f3n educativa abierta a todos los ni\u00f1os y j\u00f3venes, en sus inicios, funcionaba como Seminario Menor de la Congregaci\u00f3n del Sagrado Coraz\u00f3n de Jes\u00fas de Betharram, donde se han formado Sacerdotes Cat\u00f3licos que hoy est\u00e1n sirviendo pastoralmente en distintas comunidades betharramitas. <\/span><\/p>\n<p><span class=\"fontstyle0\">En el mes de marzo de 1963 es recibida la autorizaci\u00f3n del Palacio Arzobispal de Asunci\u00f3n siendo Arzobispo Monse\u00f1or An\u00edbal Mena Porta para la creaci\u00f3n de la casa religiosa de la Congregaci\u00f3n que ser\u00eda construida en Calle \u00daltima jurisdicci\u00f3n de Asunci\u00f3n e inmediatamente se inician los trabajos de construcci\u00f3n. <\/span><\/p>\n<p><span class=\"fontstyle0\">El edificio actual abri\u00f3 sus puertas el 5 de marzo del a\u00f1o 1969 con el noble prop\u00f3sito de colaborar en la educaci\u00f3n de la ni\u00f1ez y juventud de nuestra patria y formar a los futuros betharramitas paraguayos.<\/span><\/p>\n<p><span class=\"fontstyle0\">El 13 de marzo de 1969, el Colegio Apost\u00f3lico San Jos\u00e9 abr\u00eda t\u00edmidamente sus puertas a la juventud estudiosa. Comienza as\u00ed su vida institucional, recibiendo en sus aulas a alumnos externos, convirti\u00e9ndose en el colegio religioso de formaci\u00f3n integral, con la autorizaci\u00f3n oficial del Ministerio de Educaci\u00f3n y Culto por nota n\u00famero 108 del 06 de noviembre de 1970. <\/span><\/p>\n<p><span class=\"fontstyle0\">E<\/span><span class=\"fontstyle0\">n agosto de 1979 por Resoluci\u00f3n Ministerial N\u00ba 123 se autoriza el funcionamiento de la Escuela Primaria asign\u00e1ndosele el N\u00ba 1278.<\/span><\/p>\n<p><span class=\"fontstyle0\"><br \/>\nLas propuestas de modalidades de Educaci\u00f3n Media ofrecidas por la instituci\u00f3n son:<br \/>\nBachillerato Cient\u00edfico con \u00c9nfasis en Ciencias Sociales.<br \/>\nBachillerato T\u00e9cnico en Servicios, Especialidad: Contabilidad<\/span><\/div><\/div>[\/vc_column][\/vc_row][vc_row el_class=\u00bbsection-text-about\u00bb css=\u00bb.vc_custom_1517724193526{padding-top: 60px !important;padding-bottom: 100px !important;}\u00bb][vc_column width=\u00bb1\/2&#8243;]<div id=\"ultimate-heading-13856a044ea1f1ac0\" class=\"jrb-heading uvc-heading ult-adjust-bottom-margin ultimate-heading-13856a044ea1f1ac0 uvc-5227 padding-right-70 heading-responsive-v2\" data-hspacer=\"no_spacer\"  data-halign=\"left\" style=\"text-align:left\"><div class=\"uvc-heading-spacer no_spacer\" style=\"top\"><\/div><div class=\"uvc-main-heading ult-responsive\"  data-ultimate-target='.uvc-heading.ultimate-heading-13856a044ea1f1ac0 h2'  data-responsive-json-new='{\"font-size\":\"desktop:36px;\",\"line-height\":\"desktop:45px;\"}' ><h2 style=\"font-family:'Roboto Slab';font-weight:normal;color:#1a1a23;margin-bottom:19px;\">Misi\u00f3n<\/h2><\/div><div class=\"uvc-sub-heading ult-responsive\"  data-ultimate-target='.uvc-heading.ultimate-heading-13856a044ea1f1ac0 .uvc-sub-heading '  data-responsive-json-new='{\"font-size\":\"desktop:16px;\",\"line-height\":\"desktop:30px;\"}'  style=\"font-weight:normal;\">El Colegio Apost\u00f3lico San Jos\u00e9 fomenta la excelencia acad\u00e9mica con un estilo de gesti\u00f3n pedag\u00f3gica activa basada en los valores del evangelio que propicia la participaci\u00f3n cr\u00edtica, reflexiva y creativa de las personas. Busca formar j\u00f3venes \u00fatiles para s\u00ed mismos y comprometidos con la sociedad, para lograr esto, involucra a todos los miembros de la comunidad educativa.<\/div><\/div>[\/vc_column][vc_column width=\u00bb1\/2&#8243;]<div id=\"ultimate-heading-54306a044ea1f1ad2\" class=\"jrb-heading uvc-heading ult-adjust-bottom-margin ultimate-heading-54306a044ea1f1ad2 uvc-129 heading-responsive-v2\" data-hspacer=\"no_spacer\"  data-halign=\"left\" style=\"text-align:left\"><div class=\"uvc-heading-spacer no_spacer\" style=\"top\"><\/div><div class=\"uvc-main-heading ult-responsive\"  data-ultimate-target='.uvc-heading.ultimate-heading-54306a044ea1f1ad2 h2'  data-responsive-json-new='{\"font-size\":\"desktop:36px;\",\"line-height\":\"desktop:45px;\"}' ><h2 style=\"font-family:'Roboto Slab';font-weight:normal;color:#1a1a23;margin-bottom:19px;\">Visi\u00f3n<\/h2><\/div><div class=\"uvc-sub-heading ult-responsive\"  data-ultimate-target='.uvc-heading.ultimate-heading-54306a044ea1f1ad2 .uvc-sub-heading '  data-responsive-json-new='{\"font-size\":\"desktop:16px;\",\"line-height\":\"desktop:30px;\"}'  style=\"font-weight:normal;\">El Colegio Apost\u00f3lico San Jos\u00e9 es una instituci\u00f3n educativa cat\u00f3lica que anuncia a<br \/>\nJesucristo y su evangelio a trav\u00e9s del Carisma Betharramita que propicia la formaci\u00f3n<br \/>\nintegral de ni\u00f1os, j\u00f3venes brindando una educaci\u00f3n de calidad.<\/div><\/div>[\/vc_column][\/vc_row][vc_row][vc_column]<div id=\"ultimate-heading-95796a044ea1f1ae3\" class=\"jrb-heading uvc-heading ult-adjust-bottom-margin ultimate-heading-95796a044ea1f1ae3 uvc-1277 heading-responsive-v2\" data-hspacer=\"no_spacer\"  data-halign=\"left\" style=\"text-align:left\"><div class=\"uvc-heading-spacer no_spacer\" style=\"top\"><\/div><div class=\"uvc-main-heading ult-responsive\"  data-ultimate-target='.uvc-heading.ultimate-heading-95796a044ea1f1ae3 h2'  data-responsive-json-new='{\"font-size\":\"desktop:48px;\",\"line-height\":\"desktop:56px;\"}' ><h2 style=\"font-family:'Roboto Slab';font-weight:normal;color:#1a1a23;margin-bottom:15px;\">Antecedentes Hist\u00f3ricos<\/h2><\/div><div class=\"uvc-sub-heading ult-responsive\"  data-ultimate-target='.uvc-heading.ultimate-heading-95796a044ea1f1ae3 .uvc-sub-heading '  data-responsive-json-new='{\"font-size\":\"desktop:16px;\",\"line-height\":\"desktop:30px;\"}'  style=\"font-weight:normal;color:#636363;margin-bottom:40px;\">El Colegio Apost\u00f3lico San Jos\u00e9, es una Instituci\u00f3n Educativa, Cat\u00f3lica, Betharramita que hace suyo el proyecto educativo de la Iglesia Cat\u00f3lica tomando a Jesucristo como modelo de hombre, en quien todos los valores humanos encuentran su plena realizaci\u00f3n. Es de car\u00e1cter confesional y profesar la religi\u00f3n Cat\u00f3lica.<\/p>\n<p>Es una Instituci\u00f3n Betharramita por estar animada pastoralmente por los Religiosos del Sagrado Coraz\u00f3n de Jes\u00fas de Betharram con la espiritualidad recibida de su fundador San Miguel Garico\u00efts. Su carisma es la Encarnaci\u00f3n de Cristo que se concretiza en la disponibilidad al servicio de la Iglesia en las distintas necesidades que tiene la misma.<\/p>\n<p>La educaci\u00f3n ha sido, desde el comienzo, una de sus obras de Apostolado, queriendo que los colegios sean espacios de formaci\u00f3n de l\u00edderes, capaces de promover a la Iglesia, de transformar la sociedad, pudiendo ser al mismo tiempo, semilleros de vocaciones sacerdotales y religiosas.<\/p>\n<p>La fundaci\u00f3n del Colegio obedeci\u00f3 al deseo de formar j\u00f3venes paraguayos que quieran adoptar como opci\u00f3n de vida el carisma de San Miguel Garico\u00efts.<\/p>\n<p>As\u00ed mismo, de acuerdo al documento \u201cLa Escuela Cat\u00f3lica. Encuentro Conversi\u00f3n Pastoral\u201d, de la Conferencia Episcopal Paraguaya, el proyecto educativo debe promover la formaci\u00f3n integral de la persona teniendo su fundamento en Cristo, con identidad eclesial, cultural y con excelencia acad\u00e9mica. Ello implica que la acci\u00f3n educativa debe orientarse no s\u00f3lo a la inteligencia, a la voluntad o a los sentimientos, sino a la totalidad de la persona humana atendida educativamente en todas sus dimensiones.<\/p>\n<p>El Colegio Apost\u00f3lico San Jos\u00e9 como instituci\u00f3n educativa cat\u00f3lica se concibe como una aut\u00e9ntica comunidad cultural, social y espiritual, integrada a la comunidad local y abierta a la comunidad nacional, que articula la educaci\u00f3n escolarizada de los hijos, la participaci\u00f3n de los padres de familia y la formaci\u00f3n de docentes como elementos vitales para el cumplimiento de la misi\u00f3n educativa y evangelizadora del colegio.<\/p>\n<p>Desde el punto de vista de su rol al interior del sistema educativo nacional es una instituci\u00f3n educativa promotora de la formaci\u00f3n integral de la persona, que tiene como finalidad fundamental formar varones y mujeres cristianos\/as, para liberarlos\/ as de todo lo que les impidan realizarse plenamente como personas.<\/p>\n<p>Sus fines, principios, ordenamiento y orientaci\u00f3n estar\u00e1n conformes a los lineamientos establecidos por la Congregaci\u00f3n del Sagrado Coraz\u00f3n de Jes\u00fas de Betharram y el Ministerio de Educaci\u00f3n y Cultura.<\/p>\n<p>El Colegio Apost\u00f3lico San Jos\u00e9 establece sus normas en el estilo de vida cristiana iluminado con el carisma de San Miguel Garico\u00efts, fundador de la congregaci\u00f3n, viviendo las virtudes del Sagrado Coraz\u00f3n de Jes\u00fas: amor, humildad, obediencia, prudencia, mansedumbre, abnegaci\u00f3n y perfecci\u00f3n.<\/div><\/div>[\/vc_column][\/vc_row]<\/p>\n","protected":false},"excerpt":{"rendered":"<p>[vc_row][vc_column][\/vc_column][\/vc_row][vc_row el_class=\u00bbsection-text-about\u00bb css=\u00bb.vc_custom_1517724193526{padding-top: 60px !important;padding-bottom: 100px !important;}\u00bb][vc_column width=\u00bb1\/2&#8243;][\/vc_column][vc_column width=\u00bb1\/2&#8243;][\/vc_column][\/vc_row][vc_row][vc_column][\/vc_column][\/vc_row]<\/p>\n","protected":false},"author":1,"featured_media":0,"parent":0,"menu_order":0,"comment_status":"closed","ping_status":"closed","template":"","meta":{"footnotes":""},"class_list":["post-1999","page","type-page","status-publish","hentry"],"_links":{"self":[{"href":"https:\/\/www.apostolicosanjose.edu.py\/web\/wp-json\/wp\/v2\/pages\/1999","targetHints":{"allow":["GET"]}}],"collection":[{"href":"https:\/\/www.apostolicosanjose.edu.py\/web\/wp-json\/wp\/v2\/pages"}],"about":[{"href":"https:\/\/www.apostolicosanjose.edu.py\/web\/wp-json\/wp\/v2\/types\/page"}],"author":[{"embeddable":true,"href":"https:\/\/www.apostolicosanjose.edu.py\/web\/wp-json\/wp\/v2\/users\/1"}],"replies":[{"embeddable":true,"href":"https:\/\/www.apostolicosanjose.edu.py\/web\/wp-json\/wp\/v2\/comments?post=1999"}],"version-history":[{"count":3,"href":"https:\/\/www.apostolicosanjose.edu.py\/web\/wp-json\/wp\/v2\/pages\/1999\/revisions"}],"predecessor-version":[{"id":2002,"href":"https:\/\/www.apostolicosanjose.edu.py\/web\/wp-json\/wp\/v2\/pages\/1999\/revisions\/2002"}],"wp:attachment":[{"href":"https:\/\/www.apostolicosanjose.edu.py\/web\/wp-json\/wp\/v2\/media?parent=1999"}],"curies":[{"name":"wp","href":"https:\/\/api.w.org\/{rel}","templated":true}]}}