{"id":1961,"date":"2020-09-15T21:48:07","date_gmt":"2020-09-15T21:48:07","guid":{"rendered":"https:\/\/www.apostolicosanjose.edu.py\/web\/?page_id=1961"},"modified":"2020-09-16T18:51:09","modified_gmt":"2020-09-16T18:51:09","slug":"postulacion-nivel-inicial","status":"publish","type":"page","link":"https:\/\/www.apostolicosanjose.edu.py\/web\/postulacion-nivel-inicial\/","title":{"rendered":"Postulacion Nivel Inicial"},"content":{"rendered":"<p>[vc_row][vc_column][vc_empty_space][vc_column_text]<\/p>\n<p align=\"center\"><strong><em>POSTULACI\u00d3N A PRE JARD\u00cdN, JARD\u00cdN Y PRE ESCOLAR\u00a0\/\u00a0A\u00d1O LECTIVO 2021<\/em><\/strong><\/p>\n<p align=\"center\">PLAZAS PARA EL TURNO MA\u00d1ANA Y TARDE<\/p>\n<h3 align=\"center\">FORMULARIO DE PRE-INSCRIPCI\u00d3N<\/h3>\n<p>[\/vc_column_text][vc_column_text]\n<div class=\"wpcf7 no-js\" id=\"wpcf7-f1960-o1\" lang=\"es-ES\" dir=\"ltr\" data-wpcf7-id=\"1960\">\n<div class=\"screen-reader-response\"><p role=\"status\" aria-live=\"polite\" aria-atomic=\"true\"><\/p> <ul><\/ul><\/div>\n<form action=\"\/web\/wp-json\/wp\/v2\/pages\/1961#wpcf7-f1960-o1\" method=\"post\" class=\"wpcf7-form init\" aria-label=\"Formulario de contacto\" novalidate=\"novalidate\" data-status=\"init\">\n<fieldset class=\"hidden-fields-container\"><input type=\"hidden\" name=\"_wpcf7\" value=\"1960\" \/><input type=\"hidden\" name=\"_wpcf7_version\" value=\"6.1.1\" \/><input type=\"hidden\" name=\"_wpcf7_locale\" value=\"es_ES\" \/><input type=\"hidden\" name=\"_wpcf7_unit_tag\" value=\"wpcf7-f1960-o1\" \/><input type=\"hidden\" name=\"_wpcf7_container_post\" value=\"0\" \/><input type=\"hidden\" name=\"_wpcf7_posted_data_hash\" value=\"\" \/><input type=\"hidden\" name=\"_wpcf7_recaptcha_response\" value=\"\" \/>\n<\/fieldset>\n<h2>I. Datos del Alumno\n<\/h2>\n<p><label> Nombres (obligatorio)<br \/>\n<span class=\"wpcf7-form-control-wrap\" data-name=\"nombres\"><input size=\"40\" maxlength=\"400\" class=\"wpcf7-form-control wpcf7-text wpcf7-validates-as-required\" aria-required=\"true\" aria-invalid=\"false\" value=\"\" type=\"text\" name=\"nombres\" \/><\/span> <\/label>\n<\/p>\n<p><label> Apellidos (obligatorio)<br \/>\n<span class=\"wpcf7-form-control-wrap\" data-name=\"apellidos\"><input size=\"40\" maxlength=\"400\" class=\"wpcf7-form-control wpcf7-text wpcf7-validates-as-required\" aria-required=\"true\" aria-invalid=\"false\" value=\"\" type=\"text\" name=\"apellidos\" \/><\/span> <\/label>\n<\/p>\n<p><label> Ciudad de Nacimiento (obligatorio)<br \/>\n<span class=\"wpcf7-form-control-wrap\" data-name=\"c-nacimiento\"><input size=\"40\" maxlength=\"400\" class=\"wpcf7-form-control wpcf7-text wpcf7-validates-as-required\" aria-required=\"true\" aria-invalid=\"false\" value=\"\" type=\"text\" name=\"c-nacimiento\" \/><\/span> <\/label>\n<\/p>\n<p><label> Pa\u00eds (obligatorio)<br \/>\n<span class=\"wpcf7-form-control-wrap\" data-name=\"pais\"><input size=\"40\" maxlength=\"400\" class=\"wpcf7-form-control wpcf7-text wpcf7-validates-as-required\" aria-required=\"true\" aria-invalid=\"false\" value=\"\" type=\"text\" name=\"pais\" \/><\/span> <\/label>\n<\/p>\n<p><label> Fecha de Nacimiento (obligatorio)<br \/>\n<span class=\"wpcf7-form-control-wrap\" data-name=\"fech-nacimiento\"><input class=\"wpcf7-form-control wpcf7-date wpcf7-validates-as-required wpcf7-validates-as-date\" aria-required=\"true\" aria-invalid=\"false\" value=\"\" type=\"date\" name=\"fech-nacimiento\" \/><\/span><\/label>\n<\/p>\n<p><label> Se postula a (obligatorio)<br \/>\n<span class=\"wpcf7-form-control-wrap\" data-name=\"postula-a\"><select class=\"wpcf7-form-control wpcf7-select wpcf7-validates-as-required\" aria-required=\"true\" aria-invalid=\"false\" name=\"postula-a\"><option value=\"Pre-jardin\">Pre-jardin<\/option><option value=\"Jardin\">Jardin<\/option><option value=\"Pre-escolar\">Pre-escolar<\/option><\/select><\/span><\/label>\n<\/p>\n<p><label> Turno (obligatorio)<br \/>\n<span class=\"wpcf7-form-control-wrap\" data-name=\"turno\"><select class=\"wpcf7-form-control wpcf7-select wpcf7-validates-as-required\" aria-required=\"true\" aria-invalid=\"false\" name=\"turno\"><option value=\"Ma\u00f1ana\">Ma\u00f1ana<\/option><option value=\"Tarde\">Tarde<\/option><\/select><\/span><\/label>\n<\/p>\n<p><label> Relaci\u00f3n con la Instituci\u00f3n (obligatorio)<br \/>\n<span class=\"wpcf7-form-control-wrap\" data-name=\"relac-institucion\"><select class=\"wpcf7-form-control wpcf7-select wpcf7-validates-as-required\" aria-required=\"true\" aria-invalid=\"false\" name=\"relac-institucion\"><option value=\"Hermano\/a alumno\/a\">Hermano\/a alumno\/a<\/option><option value=\"Hijo\/a de ex alumno\/a\">Hijo\/a de ex alumno\/a<\/option><option value=\"Hijo\/a de Funcionario\/a\">Hijo\/a de Funcionario\/a<\/option><option value=\"Sin v\u00ednculo con la Instituci\u00f3n\">Sin v\u00ednculo con la Instituci\u00f3n<\/option><\/select><\/span><\/label>\n<\/p>\n<p><label> Fortalezas, Virtudes, Gustos (obligatorio)<br \/>\n<span class=\"wpcf7-form-control-wrap\" data-name=\"FortVirtGust\"><textarea cols=\"40\" rows=\"10\" maxlength=\"2000\" class=\"wpcf7-form-control wpcf7-textarea wpcf7-validates-as-required\" aria-required=\"true\" aria-invalid=\"false\" name=\"FortVirtGust\">Describa brevemente las fortalezas, virtudes y gustos del alumno<\/textarea><\/span><br \/>\n<\/label>\n<\/p>\n<p><label> Dificultades (obligatorio)<br \/>\n<span class=\"wpcf7-form-control-wrap\" data-name=\"Dificultades\"><textarea cols=\"40\" rows=\"10\" maxlength=\"2000\" class=\"wpcf7-form-control wpcf7-textarea wpcf7-validates-as-required\" aria-required=\"true\" aria-invalid=\"false\" name=\"Dificultades\">Describa brevemente las dificultades del alumno (en el siguiente orden: salud, acad\u00e9mico y socio afectivo)<\/textarea><\/span><br \/>\n<\/label>\n<\/p>\n<h2>II. Datos del Padre\n<\/h2>\n<p><label> Nombres (obligatorio)<br \/>\n<span class=\"wpcf7-form-control-wrap\" data-name=\"Pa-names\"><input size=\"40\" maxlength=\"400\" class=\"wpcf7-form-control wpcf7-text wpcf7-validates-as-required\" aria-required=\"true\" aria-invalid=\"false\" value=\"\" type=\"text\" name=\"Pa-names\" \/><\/span> <\/label>\n<\/p>\n<p><label> Apellidos (obligatorio)<br \/>\n<span class=\"wpcf7-form-control-wrap\" data-name=\"Pa-apellidos\"><input size=\"40\" maxlength=\"400\" class=\"wpcf7-form-control wpcf7-text wpcf7-validates-as-required\" aria-required=\"true\" aria-invalid=\"false\" value=\"\" type=\"text\" name=\"Pa-apellidos\" \/><\/span> <\/label>\n<\/p>\n<p><label> Documento de Identidad (obligatorio)<br \/>\n<span class=\"wpcf7-form-control-wrap\" data-name=\"Pa-Dident\"><input size=\"40\" maxlength=\"400\" class=\"wpcf7-form-control wpcf7-text wpcf7-validates-as-required\" aria-required=\"true\" aria-invalid=\"false\" value=\"\" type=\"text\" name=\"Pa-Dident\" \/><\/span> <\/label>\n<\/p>\n<p><label> Direcci\u00f3n (obligatorio)<br \/>\n<span class=\"wpcf7-form-control-wrap\" data-name=\"Pa-direcc\"><input size=\"40\" maxlength=\"400\" class=\"wpcf7-form-control wpcf7-text wpcf7-validates-as-required\" aria-required=\"true\" aria-invalid=\"false\" value=\"\" type=\"text\" name=\"Pa-direcc\" \/><\/span> <\/label>\n<\/p>\n<p><label> Tel\u00e9fono Particular (obligatorio)<br \/>\n<span class=\"wpcf7-form-control-wrap\" data-name=\"Pa-tel\"><input size=\"40\" maxlength=\"400\" class=\"wpcf7-form-control wpcf7-text wpcf7-validates-as-required\" aria-required=\"true\" aria-invalid=\"false\" value=\"\" type=\"text\" name=\"Pa-tel\" \/><\/span> <\/label>\n<\/p>\n<p><label> Correo electr\u00f3nico (obligatorio)<br \/>\n<span class=\"wpcf7-form-control-wrap\" data-name=\"Pa-email\"><input size=\"40\" maxlength=\"400\" class=\"wpcf7-form-control wpcf7-email wpcf7-validates-as-required wpcf7-text wpcf7-validates-as-email\" aria-required=\"true\" aria-invalid=\"false\" value=\"\" type=\"email\" name=\"Pa-email\" \/><\/span> <\/label>\n<\/p>\n<p><label> Profesi\u00f3n (obligatorio)<br \/>\n<span class=\"wpcf7-form-control-wrap\" data-name=\"Pa-Prof\"><input size=\"40\" maxlength=\"400\" class=\"wpcf7-form-control wpcf7-text wpcf7-validates-as-required\" aria-required=\"true\" aria-invalid=\"false\" value=\"\" type=\"text\" name=\"Pa-Prof\" \/><\/span> <\/label>\n<\/p>\n<p><label> Lugar de Trabajo (obligatorio)<br \/>\n<span class=\"wpcf7-form-control-wrap\" data-name=\"Pa-LugarTrab\"><input size=\"40\" maxlength=\"400\" class=\"wpcf7-form-control wpcf7-text wpcf7-validates-as-required\" aria-required=\"true\" aria-invalid=\"false\" value=\"\" type=\"text\" name=\"Pa-LugarTrab\" \/><\/span> <\/label>\n<\/p>\n<h2>III. Datos de la Madre\n<\/h2>\n<p><label> Nombres (obligatorio)<br \/>\n<span class=\"wpcf7-form-control-wrap\" data-name=\"Ma-names\"><input size=\"40\" maxlength=\"400\" class=\"wpcf7-form-control wpcf7-text wpcf7-validates-as-required\" aria-required=\"true\" aria-invalid=\"false\" value=\"\" type=\"text\" name=\"Ma-names\" \/><\/span> <\/label>\n<\/p>\n<p><label> Apellidos (obligatorio)<br \/>\n<span class=\"wpcf7-form-control-wrap\" data-name=\"Ma-apellidos\"><input size=\"40\" maxlength=\"400\" class=\"wpcf7-form-control wpcf7-text wpcf7-validates-as-required\" aria-required=\"true\" aria-invalid=\"false\" value=\"\" type=\"text\" name=\"Ma-apellidos\" \/><\/span> <\/label>\n<\/p>\n<p><label> Documento de Identidad (obligatorio)<br \/>\n<span class=\"wpcf7-form-control-wrap\" data-name=\"Ma-Dident\"><input size=\"40\" maxlength=\"400\" class=\"wpcf7-form-control wpcf7-text wpcf7-validates-as-required\" aria-required=\"true\" aria-invalid=\"false\" value=\"\" type=\"text\" name=\"Ma-Dident\" \/><\/span> <\/label>\n<\/p>\n<p><label> Direcci\u00f3n (obligatorio)<br \/>\n<span class=\"wpcf7-form-control-wrap\" data-name=\"Ma-direcc\"><input size=\"40\" maxlength=\"400\" class=\"wpcf7-form-control wpcf7-text wpcf7-validates-as-required\" aria-required=\"true\" aria-invalid=\"false\" value=\"\" type=\"text\" name=\"Ma-direcc\" \/><\/span> <\/label>\n<\/p>\n<p><label> Tel\u00e9fono Particular (obligatorio)<br \/>\n<span class=\"wpcf7-form-control-wrap\" data-name=\"Ma-tel\"><input size=\"40\" maxlength=\"400\" class=\"wpcf7-form-control wpcf7-text wpcf7-validates-as-required\" aria-required=\"true\" aria-invalid=\"false\" value=\"\" type=\"text\" name=\"Ma-tel\" \/><\/span> <\/label>\n<\/p>\n<p><label> Correo electr\u00f3nico (obligatorio)<br \/>\n<span class=\"wpcf7-form-control-wrap\" data-name=\"Ma-email\"><input size=\"40\" maxlength=\"400\" class=\"wpcf7-form-control wpcf7-email wpcf7-validates-as-required wpcf7-text wpcf7-validates-as-email\" aria-required=\"true\" aria-invalid=\"false\" value=\"\" type=\"email\" name=\"Ma-email\" \/><\/span> <\/label>\n<\/p>\n<p><label> Profesi\u00f3n (obligatorio)<br \/>\n<span class=\"wpcf7-form-control-wrap\" data-name=\"Ma-Prof\"><input size=\"40\" maxlength=\"400\" class=\"wpcf7-form-control wpcf7-text wpcf7-validates-as-required\" aria-required=\"true\" aria-invalid=\"false\" value=\"\" type=\"text\" name=\"Ma-Prof\" \/><\/span> <\/label>\n<\/p>\n<p><label> Lugar de Trabajo (obligatorio)<br \/>\n<span class=\"wpcf7-form-control-wrap\" data-name=\"Ma-LugarTrab\"><input size=\"40\" maxlength=\"400\" class=\"wpcf7-form-control wpcf7-text wpcf7-validates-as-required\" aria-required=\"true\" aria-invalid=\"false\" value=\"\" type=\"text\" name=\"Ma-LugarTrab\" \/><\/span> <\/label>\n<\/p>\n<h2>IV. Entorno del Alumno\n<\/h2>\n<p>Con quien vive el alumno?<br \/>\n<span class=\"wpcf7-form-control-wrap\" data-name=\"familia\"><span class=\"wpcf7-form-control wpcf7-checkbox wpcf7-exclusive-checkbox\"><span class=\"wpcf7-list-item first\"><input type=\"checkbox\" name=\"familia\" value=\"Ambos Progenitores\" \/><span class=\"wpcf7-list-item-label\">Ambos Progenitores<\/span><\/span><span class=\"wpcf7-list-item\"><input type=\"checkbox\" name=\"familia\" value=\"Solo con la Madre\" \/><span class=\"wpcf7-list-item-label\">Solo con la Madre<\/span><\/span><span class=\"wpcf7-list-item\"><input type=\"checkbox\" name=\"familia\" value=\"Solo con el Padre\" \/><span class=\"wpcf7-list-item-label\">Solo con el Padre<\/span><\/span><span class=\"wpcf7-list-item\"><input type=\"checkbox\" name=\"familia\" value=\"Otros Parientes\" \/><span class=\"wpcf7-list-item-label\">Otros Parientes<\/span><\/span><span class=\"wpcf7-list-item last\"><input type=\"checkbox\" name=\"familia\" value=\"Otros Encargados\" \/><span class=\"wpcf7-list-item-label\">Otros Encargados<\/span><\/span><\/span><\/span>\n<\/p>\n<p>[group grupo-OtrosParientes]<br \/>\nNombres y Apellidos de Otros Parientes<br \/>\n<span class=\"wpcf7-form-control-wrap\" data-name=\"Nom-OtrosParient\"><textarea cols=\"40\" rows=\"10\" maxlength=\"2000\" class=\"wpcf7-form-control wpcf7-textarea\" aria-invalid=\"false\" name=\"Nom-OtrosParient\"><\/textarea><\/span><br \/>\n[\/group]\n<\/p>\n<p>[group grupo-OtrosEncargados]<br \/>\nNombres y Apellidos de Otros Encargados<br \/>\n<span class=\"wpcf7-form-control-wrap\" data-name=\"Nom-OtrosEncargados\"><textarea cols=\"40\" rows=\"10\" maxlength=\"2000\" class=\"wpcf7-form-control wpcf7-textarea\" aria-invalid=\"false\" name=\"Nom-OtrosEncargados\"><\/textarea><\/span><br \/>\n[\/group]\n<\/p>\n<h2>V. Antecedentes Educativos del Alumno\n<\/h2>\n<p><label> Proviene de la Instituci\u00f3n (obligatorio)<br \/>\n<span class=\"wpcf7-form-control-wrap\" data-name=\"Proviene-Institucion\"><input size=\"40\" maxlength=\"400\" class=\"wpcf7-form-control wpcf7-text wpcf7-validates-as-required\" aria-required=\"true\" aria-invalid=\"false\" value=\"Instituci\u00f3n de donde proviene el Alumno\" type=\"text\" name=\"Proviene-Institucion\" \/><\/span><\/label>\n<\/p>\n<p><label> Estuvo desde:<br \/>\n<span class=\"wpcf7-form-control-wrap\" data-name=\"desde\"><input class=\"wpcf7-form-control wpcf7-date wpcf7-validates-as-required wpcf7-validates-as-date\" aria-required=\"true\" aria-invalid=\"false\" value=\"d\u00eda\/mes\/a\u00f1o\" type=\"date\" name=\"desde\" \/><\/span><\/label>\n<\/p>\n<p><label> Hasta:<br \/>\n<span class=\"wpcf7-form-control-wrap\" data-name=\"hasta\"><input class=\"wpcf7-form-control wpcf7-date wpcf7-validates-as-required wpcf7-validates-as-date\" aria-required=\"true\" aria-invalid=\"false\" value=\"d\u00eda\/mes\/a\u00f1o\" type=\"date\" name=\"hasta\" \/><\/span><\/label>\n<\/p>\n<p><label> Motivo de la Pre-Inscripci\u00f3n<br \/>\n<span class=\"wpcf7-form-control-wrap\" data-name=\"Motivo-Preinscrip\"><textarea cols=\"40\" rows=\"10\" maxlength=\"2000\" class=\"wpcf7-form-control wpcf7-textarea wpcf7-validates-as-required\" aria-required=\"true\" aria-invalid=\"false\" name=\"Motivo-Preinscrip\">Describa brevemente los motivos por el cual desea postular a su hijo\/a al Colegio.<\/textarea><\/span><\/label>\n<\/p>\n<h2>VI. Datos del Solicitante\n<\/h2>\n<p><label> Nombres y Apellidos (obligatorio)<br \/>\n<span class=\"wpcf7-form-control-wrap\" data-name=\"your-name\"><input size=\"40\" maxlength=\"400\" class=\"wpcf7-form-control wpcf7-text wpcf7-validates-as-required\" aria-required=\"true\" aria-invalid=\"false\" value=\"\" type=\"text\" name=\"your-name\" \/><\/span> <\/label>\n<\/p>\n<p><label> Tu correo electr\u00f3nico (obligatorio)<br \/>\n<span class=\"wpcf7-form-control-wrap\" data-name=\"your-email\"><input size=\"40\" maxlength=\"400\" class=\"wpcf7-form-control wpcf7-email wpcf7-validates-as-required wpcf7-text wpcf7-validates-as-email\" aria-required=\"true\" aria-invalid=\"false\" value=\"\" type=\"email\" name=\"your-email\" \/><\/span> <\/label>\n<\/p>\n<p><label> Fecha de Pre-inscripci\u00f3n (obligatorio)<br \/>\n<span class=\"wpcf7-form-control-wrap\" data-name=\"fecha-preinscripcion\"><input class=\"wpcf7-form-control wpcf7-date wpcf7-validates-as-required wpcf7-validates-as-date\" aria-required=\"true\" aria-invalid=\"false\" value=\"\" type=\"date\" name=\"fecha-preinscripcion\" \/><\/span> <\/label>\n<\/p>\n<h2>VII. ARCHIVOS A ADJUNTAR\n<\/h2>\n<p><label><br \/>\n\u2022\tC.I. del ni\u00f1o\/a (ambas caras).<br \/>\n\u2022\tCertificado de Nacimiento del ni\u00f1o\/a.<br \/>\n\u2022\tC. I de los padres (ambas caras).<br \/>\n\u2022\tCertificado de Trabajo, IVA de los \u00faltimos tres meses o alg\u00fan documento como comprobante de ingreso de los padres.<br \/>\n\u2022\tEn caso de que el ni\u00f1o\/a hubiera cursado en otra instituci\u00f3n; certificado de no adeudamiento de cuotas (en la Instituci\u00f3n de origen).<br \/>\n\u2022\tInforme Acad\u00e9mico del colegio de procedencia (si tuvo previa escolaridad).<br \/>\n<span class=\"wpcf7-form-control-wrap\" data-name=\"adjuntos\"><input size=\"40\" class=\"wpcf7-form-control wpcf7-drag-n-drop-file d-none\" aria-required=\"true\" aria-invalid=\"false\" type=\"file\" multiple=\"multiple\" data-name=\"adjuntos\" data-type=\"pdf\" data-min=\"2\" data-max=\"10\" data-id=\"1960\" data-version=\"free version 1.3.9.1\" accept=\".pdf\" \/><\/span><\/label>\n<\/p>\n<h2>VIII. Declaraci\u00f3n Jurada\n<\/h2>\n<p><span class=\"wpcf7-form-control-wrap\" data-name=\"Declaro\"><span class=\"wpcf7-form-control wpcf7-checkbox wpcf7-validates-as-required\"><span class=\"wpcf7-list-item first last\"><input type=\"checkbox\" name=\"Declaro[]\" value=\"Si.\" \/><span class=\"wpcf7-list-item-label\">Si.<\/span><\/span><\/span><\/span> Declaro bajo juramento que los datos mencionado m\u00e1s arriba son verdaderos.<br \/>\nAdemas declaro estar plenamente de acuerdo con las <a href=\"https:\/\/www.apostolicosanjose.edu.py\/web\/wp-content\/uploads\/2020\/09\/Normas_de_Convivencia_CASJ.pdf\"><b>Normas de Convivencia del CASJ<\/b><\/a>, el cual he descargado, le\u00eddo y me comprometo a cumplir y hacer cumplir por mi hijo\/a.\n<\/p>\n<p><input class=\"wpcf7-form-control wpcf7-submit has-spinner\" type=\"submit\" value=\"ENVIAR SOLICITUD\" \/>\n<\/p><input type='hidden' class='wpcf7-pum' value='{\"closepopup\":false,\"closedelay\":0,\"openpopup\":false,\"openpopup_id\":0}' \/><div class=\"wpcf7-response-output\" aria-hidden=\"true\"><\/div>\n<\/form>\n<\/div>\n[\/vc_column_text][\/vc_column][\/vc_row]<\/p>\n","protected":false},"excerpt":{"rendered":"<p>[vc_row][vc_column][vc_empty_space][vc_column_text] POSTULACI\u00d3N A PRE JARD\u00cdN, JARD\u00cdN Y PRE ESCOLAR\u00a0\/\u00a0A\u00d1O LECTIVO 2021 PLAZAS PARA EL TURNO MA\u00d1ANA Y TARDE FORMULARIO DE PRE-INSCRIPCI\u00d3N [\/vc_column_text][vc_column_text][\/vc_column_text][\/vc_column][\/vc_row]<\/p>\n","protected":false},"author":1,"featured_media":0,"parent":0,"menu_order":0,"comment_status":"closed","ping_status":"closed","template":"","meta":{"footnotes":""},"class_list":["post-1961","page","type-page","status-publish","hentry"],"_links":{"self":[{"href":"https:\/\/www.apostolicosanjose.edu.py\/web\/wp-json\/wp\/v2\/pages\/1961","targetHints":{"allow":["GET"]}}],"collection":[{"href":"https:\/\/www.apostolicosanjose.edu.py\/web\/wp-json\/wp\/v2\/pages"}],"about":[{"href":"https:\/\/www.apostolicosanjose.edu.py\/web\/wp-json\/wp\/v2\/types\/page"}],"author":[{"embeddable":true,"href":"https:\/\/www.apostolicosanjose.edu.py\/web\/wp-json\/wp\/v2\/users\/1"}],"replies":[{"embeddable":true,"href":"https:\/\/www.apostolicosanjose.edu.py\/web\/wp-json\/wp\/v2\/comments?post=1961"}],"version-history":[{"count":4,"href":"https:\/\/www.apostolicosanjose.edu.py\/web\/wp-json\/wp\/v2\/pages\/1961\/revisions"}],"predecessor-version":[{"id":1965,"href":"https:\/\/www.apostolicosanjose.edu.py\/web\/wp-json\/wp\/v2\/pages\/1961\/revisions\/1965"}],"wp:attachment":[{"href":"https:\/\/www.apostolicosanjose.edu.py\/web\/wp-json\/wp\/v2\/media?parent=1961"}],"curies":[{"name":"wp","href":"https:\/\/api.w.org\/{rel}","templated":true}]}}